{"id":567,"date":"2025-09-09T10:21:56","date_gmt":"2025-09-09T08:21:56","guid":{"rendered":"https:\/\/komlife.22projects.sk\/terhesseg-es-szulove-valas\/szules-elott\/"},"modified":"2025-11-20T09:55:09","modified_gmt":"2025-11-20T08:55:09","slug":"szules-elott","status":"publish","type":"page","link":"https:\/\/komlife.eu\/hu\/terhesseg-es-szulove-valas\/szules-elott\/","title":{"rendered":"Sz\u00fcl\u00e9s el\u0151tt"},"content":{"rendered":"\n<div class=\"wp-block-columns is-layout-flex wp-container-core-columns-is-layout-28f84493 wp-block-columns-is-layout-flex\">\n<div class=\"wp-block-column is-layout-flow wp-block-column-is-layout-flow\">\n<p>A terhess\u00e9g egy k\u00fcl\u00f6nleges id\u0151szak, amely odafigyel\u00e9st, t\u00e1mogat\u00e1st \u00e9s j\u00f3 felk\u00e9sz\u00fcl\u00e9st \u00e9rdemel. Ebben a r\u00e9szben gyakorlati tan\u00e1csokat \u00e9s inform\u00e1ci\u00f3kat tal\u00e1l arr\u00f3l, mi v\u00e1r \u00f6nre a kisbaba \u00e9rkez\u00e9se el\u0151tt.<\/p>\n\n\n\n<p>Az adminisztrat\u00edv teend\u0151kt\u0151l \u00e9s p\u00e9nz\u00fcgyi t\u00e1mogat\u00e1sokt\u00f3l kezdve az eg\u00e9szs\u00e9g\u00fcgyi ell\u00e1t\u00e1son \u00e1t eg\u00e9szen a sz\u00fcl\u00e9sfelk\u00e9sz\u00edt\u0151 lehet\u0151s\u00e9gekig \u2013 minden egy helyen, a kom\u00e1romi kismam\u00e1k sz\u00e1m\u00e1ra.<\/p>\n<\/div>\n\n\n\n<div class=\"wp-block-column is-layout-flow wp-block-column-is-layout-flow\">\n<figure class=\"wp-block-image size-full\"><img fetchpriority=\"high\" decoding=\"async\" width=\"520\" height=\"346\" src=\"https:\/\/komlife.eu\/wp-content\/uploads\/2025\/09\/komlife-img-pred-porodom.jpg\" alt=\"\" class=\"wp-image-162\" style=\"object-fit:cover\" srcset=\"https:\/\/komlife.eu\/wp-content\/uploads\/2025\/09\/komlife-img-pred-porodom.jpg 520w, https:\/\/komlife.eu\/wp-content\/uploads\/2025\/09\/komlife-img-pred-porodom-300x200.jpg 300w\" sizes=\"(max-width: 520px) 100vw, 520px\" \/><\/figure>\n<\/div>\n<\/div>\n\n<p><\/p>\n","protected":false},"excerpt":{"rendered":"<p>A terhess\u00e9g egy k\u00fcl\u00f6nleges id\u0151szak, amely odafigyel\u00e9st, t\u00e1mogat\u00e1st \u00e9s j\u00f3 felk\u00e9sz\u00fcl\u00e9st \u00e9rdemel. Ebben a r\u00e9szben gyakorlati tan\u00e1csokat \u00e9s inform\u00e1ci\u00f3kat tal\u00e1l arr\u00f3l, mi v\u00e1r \u00f6nre a kisbaba \u00e9rkez\u00e9se el\u0151tt. Az adminisztrat\u00edv teend\u0151kt\u0151l \u00e9s p\u00e9nz\u00fcgyi t\u00e1mogat\u00e1sokt\u00f3l kezdve az eg\u00e9szs\u00e9g\u00fcgyi ell\u00e1t\u00e1son \u00e1t eg\u00e9szen a sz\u00fcl\u00e9sfelk\u00e9sz\u00edt\u0151 lehet\u0151s\u00e9gekig \u2013 minden egy helyen, a kom\u00e1romi kismam\u00e1k sz\u00e1m\u00e1ra.<\/p>\n","protected":false},"author":1,"featured_media":860,"parent":562,"menu_order":0,"comment_status":"closed","ping_status":"closed","template":"","meta":{"_acf_changed":false,"footnotes":""},"hlavna-kategoria":[],"class_list":["post-567","page","type-page","status-publish","has-post-thumbnail","hentry"],"acf":[],"_links":{"self":[{"href":"https:\/\/komlife.eu\/hu\/wp-json\/wp\/v2\/pages\/567","targetHints":{"allow":["GET"]}}],"collection":[{"href":"https:\/\/komlife.eu\/hu\/wp-json\/wp\/v2\/pages"}],"about":[{"href":"https:\/\/komlife.eu\/hu\/wp-json\/wp\/v2\/types\/page"}],"author":[{"embeddable":true,"href":"https:\/\/komlife.eu\/hu\/wp-json\/wp\/v2\/users\/1"}],"replies":[{"embeddable":true,"href":"https:\/\/komlife.eu\/hu\/wp-json\/wp\/v2\/comments?post=567"}],"version-history":[{"count":0,"href":"https:\/\/komlife.eu\/hu\/wp-json\/wp\/v2\/pages\/567\/revisions"}],"up":[{"embeddable":true,"href":"https:\/\/komlife.eu\/hu\/wp-json\/wp\/v2\/pages\/562"}],"wp:featuredmedia":[{"embeddable":true,"href":"https:\/\/komlife.eu\/hu\/wp-json\/wp\/v2\/media\/860"}],"wp:attachment":[{"href":"https:\/\/komlife.eu\/hu\/wp-json\/wp\/v2\/media?parent=567"}],"wp:term":[{"taxonomy":"hlavna-kategoria","embeddable":true,"href":"https:\/\/komlife.eu\/hu\/wp-json\/wp\/v2\/hlavna-kategoria?post=567"}],"curies":[{"name":"wp","href":"https:\/\/api.w.org\/{rel}","templated":true}]}}

Szülés előtt

<div class="wp-block-columns is-layout-flex wp-container-core-columns-is-layout-28f84493 wp-block-columns-is-layout-flex">
<div class="wp-block-column is-layout-flow wp-block-column-is-layout-flow">
<p>A terhesség egy különleges időszak, amely odafigyelést, támogatást és jó felkészülést érdemel. Ebben a részben gyakorlati tanácsokat és információkat talál arról, mi vár önre a kisbaba érkezése előtt.</p>



<p>Az adminisztratív teendőktől és pénzügyi támogatásoktól kezdve az egészségügyi ellátáson át egészen a szülésfelkészítő lehetőségekig – minden egy helyen, a komáromi kismamák számára.</p>
</div>



<div class="wp-block-column is-layout-flow wp-block-column-is-layout-flow">
<figure class="wp-block-image size-full"><img fetchpriority="high" decoding="async" width="520" height="346" src="https://komlife.eu/wp-content/uploads/2025/09/komlife-img-pred-porodom.jpg" alt="" class="wp-image-162" style="object-fit:cover" srcset="https://komlife.eu/wp-content/uploads/2025/09/komlife-img-pred-porodom.jpg 520w, https://komlife.eu/wp-content/uploads/2025/09/komlife-img-pred-porodom-300x200.jpg 300w" sizes="(max-width: 520px) 100vw, 520px" /></figure>
</div>
</div>

<p></p>

<p>A terhesség egy különleges időszak, amely odafigyelést, támogatást és jó felkészülést érdemel. Ebben a részben gyakorlati tanácsokat és információkat talál arról, mi vár önre a kisbaba érkezése előtt. Az adminisztratív teendőktől és pénzügyi támogatásoktól kezdve az egészségügyi ellátáson át egészen a szülésfelkészítő lehetőségekig – minden egy helyen, a komáromi kismamák számára.</p>
