{"id":557,"date":"2025-09-11T15:54:24","date_gmt":"2025-09-11T13:54:24","guid":{"rendered":"https:\/\/komlife.22projects.sk\/csaladi-gondoskodas\/egeszseg-es-gyerekek\/tanacsado-szolgaltatasok-csaladoknak\/"},"modified":"2025-11-20T16:09:29","modified_gmt":"2025-11-20T15:09:29","slug":"tanacsado-szolgaltatasok-csaladoknak","status":"publish","type":"page","link":"https:\/\/komlife.eu\/hu\/csaladi-gondoskodas\/egeszseg-es-gyerekek\/tanacsado-szolgaltatasok-csaladoknak\/","title":{"rendered":"Tan\u00e1csad\u00f3 szolg\u00e1ltat\u00e1sok csal\u00e1doknak"},"content":{"rendered":"\n<h3 class=\"wp-block-heading\">Artis Centrum Kom\u00e1rno<\/h3>\n\n<p>Az <strong>Artis Centrum <\/strong>egy speci\u00e1lis int\u00e9zm\u00e9ny, amely a gyermekek k\u00e9pess\u00e9geinek fejleszt\u00e9s\u00e9re \u00e9s a csal\u00e1dok t\u00e1mogat\u00e1s\u00e1ra f\u00f3kusz\u00e1l. Foglalkozik tehets\u00e9ges gyerekekkel, k\u00e9sleltetett fejl\u0151d\u00e9s\u0171ekkel, tanul\u00e1si vagy besz\u00e9dzavarokkal is. A pedag\u00f3gia, eg\u00e9szs\u00e9g\u00fcgy \u00e9s pszichol\u00f3gia elemeit \u00f6tv\u00f6zi \u00e1tfog\u00f3 t\u00e1mogat\u00e1sk\u00e9nt.<\/p>\n\n<p><strong>Kiknek sz\u00f3l:<\/strong> kisgyermekeknek, \u00f3vod\u00e1soknak, iskol\u00e1soknak \u00e9s feln\u0151tteknek<br\/><strong>Munkam\u00f3d:<\/strong> egy\u00e9ni \u00e9s csoportos foglalkoz\u00e1sok<br\/><strong>Szakemberek:<\/strong> gy\u00f3gypedag\u00f3gus, speci\u00e1lis pedag\u00f3gus, konduktor, logop\u00e9dus, pszichol\u00f3gus<br\/><strong>F\u00f3kusz:<\/strong> besz\u00e9d, mozg\u00e1s, figyelem, \u00e9rzelmi szab\u00e1lyoz\u00e1s fejleszt\u00e9se \u00e9s m\u00e9g sok m\u00e1s<\/p>\n\n<div class=\"wp-block-buttons is-layout-flex wp-block-buttons-is-layout-flex\">\n<div class=\"wp-block-button\"><a class=\"wp-block-button__link wp-element-button\" href=\"https:\/\/www.artiscentrum.sk\/\">Tov\u00e1bbi inform\u00e1ci\u00f3k<\/a><\/div>\n<\/div>\n\n<h3 class=\"wp-block-heading\">Tan\u00e1csad\u00f3 \u00e9s Prevenci\u00f3s K\u00f6zpont (CPP) \u2013 \u00d3gyalla (Hurbanovo)<\/h3>\n\n<p>A <strong>CPP Hurbanovo<\/strong> ingyenes tan\u00e1csad\u00f3 szolg\u00e1ltat\u00e1sokat k\u00edn\u00e1l a gyerekek \u00e9s sz\u00fcleik sz\u00e1m\u00e1ra a sz\u00fclet\u00e9st\u0151l eg\u00e9szen az iskola befejez\u00e9s\u00e9ig. A k\u00f6zpont pszichol\u00f3giai, gy\u00f3gypedag\u00f3giai \u00e9s prevenci\u00f3s t\u00e1mogat\u00e1sra specializ\u00e1l\u00f3dott.<\/p>\n\n<p><strong>Szolg\u00e1ltat\u00e1sok:<\/strong> diagnosztika, tan\u00e1csad\u00e1s, nevel\u00e9si \u00e9s oktat\u00e1si konzult\u00e1ci\u00f3k<br\/><strong>Kiknek sz\u00f3l:<\/strong> a Nyitrai ker\u00fcletben \u00e1lland\u00f3 vagy ideiglenes lak\u00f3hellyel rendelkez\u0151 gyerekeknek<br\/><strong>Sz\u00fcl\u0151k:<\/strong> szakmai seg\u00edts\u00e9g nevel\u00e9si \u00e9s iskolai neh\u00e9zs\u00e9gek megold\u00e1s\u00e1ban<br\/><strong>Nyelv:<\/strong> t\u00f6bb szakember magyarul is besz\u00e9l \u2013 alkalmazkodva a nemzetis\u00e9gileg vegyes r\u00e9gi\u00f3hoz<br\/><strong>A szolg\u00e1ltat\u00e1sok teljesen ingyenesek.<\/strong><\/p>\n\n<div class=\"wp-block-buttons is-layout-flex wp-block-buttons-is-layout-flex\">\n<div class=\"wp-block-button\"><a class=\"wp-block-button__link wp-element-button\" href=\"http:\/\/www.cpp-hurbanovo.sk\">Tov\u00e1bbi inform\u00e1ci\u00f3k<\/a><\/div>\n<\/div>\n\n<section class=\"wp-block-the-mighty22-tip mighty-tip\"><div class=\"mighty-tip__icon\" aria-hidden=\"true\"><img src=\"data:image\/svg+xml;base64,PHN2ZyB2aWV3Qm94PSIwIDAgNjkgMTAxIiBwcmVzZXJ2ZUFzcGVjdFJhdGlvPSJ4TWlkWU1pZCBtZWV0IiB4bWxucz0iaHR0cDovL3d3dy53My5vcmcvMjAwMC9zdmciPjxwYXRoIGQ9Ik0zNC41LDIwLjcxYy0xNi40MSwwLTI5Ljc3LDEzLjM2LTI5Ljc3LDI5Ljc5LDAsMTUuMjMsMTQuMTksMjIuNjgsMTQuMTksMzEuNTZ2OS42N2MwLDUuMTEsNC4xNiw5LjI3LDkuMjcsOS4yN2gxMi42MmM1LjExLDAsOS4yNy00LjE2LDkuMjctOS4yN3YtOS42N2MwLTguODgsMTQuMTktMTYuMzMsMTQuMTktMzEuNTYsMC0xNi40Mi0xMy4zNS0yOS43OS0yOS43Ny0yOS43OVpNNDQuMTYsOTEuNzNjMCwxLjg1LTEuNSwzLjM1LTMuMzUsMy4zNWgtMTIuNjJjLTEuODUsMC0zLjM1LTEuNS0zLjM1LTMuMzV2LTYuNzFoMTkuMzJ2Ni43MVpNNDQuNDcsNzkuMWgtNy4wMXYtMTEuOTNjMy42Ni0xLjI0LDYuMzEtNC43MSw2LjMxLTguNzgsMC0xLjYzLTEuMzItMi45Ni0yLjk2LTIuOTZzLTIuOTYsMS4zMi0yLjk2LDIuOTZjMCwxLjg1LTEuNSwzLjM1LTMuMzUsMy4zNXMtMy4zNS0xLjUtMy4zNS0zLjM1YzAtMS42My0xLjMyLTIuOTYtMi45Ni0yLjk2cy0yLjk2LDEuMzItMi45NiwyLjk2YzAsNC4wOCwyLjY0LDcuNTUsNi4zMSw4Ljc4djExLjkzaC03LjAxYy0yLjA5LTEwLjE3LTEzLjg5LTE2LjcxLTEzLjg5LTI4LjYsMC0xMy4xNiwxMC43LTIzLjg3LDIzLjg1LTIzLjg3czIzLjg2LDEwLjcxLDIzLjg2LDIzLjg3YzAsMTEuODktMTEuODEsMTguNDQtMTMuODksMjguNloiLz48cGF0aCBkPSJNMzQuNSwxNC4wMWMxLjYzLDAsMi45Ni0xLjMzLDIuOTYtMi45NlYyLjk2YzAtMS42My0xLjMyLTIuOTYtMi45Ni0yLjk2cy0yLjk2LDEuMzMtMi45NiwyLjk2djguMDljMCwxLjYzLDEuMzIsMi45NiwyLjk2LDIuOTZaIi8+PHBhdGggZD0iTTExLjM2LDIxLjAzYzEuMTUtMS4xNSwxLjE1LTMuMDMsMC00LjE4bC02LjMxLTYuMzFjLTEuMTUtMS4xNi0zLjAzLTEuMTYtNC4xOCwwLTEuMTYsMS4xNS0xLjE2LDMuMDMsMCw0LjE4bDYuMzEsNi4zMWMxLjE1LDEuMTYsMy4wMywxLjE2LDQuMTgsMFoiLz48cGF0aCBkPSJNNjguMTMsMTAuNTNjLTEuMTYtMS4xNi0zLjAzLTEuMTYtNC4xOCwwbC02LjMxLDYuMzFjLTEuMTUsMS4xNS0xLjE1LDMuMDMsMCw0LjE4LDEuMTYsMS4xNiwzLjAzLDEuMTYsNC4xOCwwbDYuMzEtNi4zMWMxLjE1LTEuMTYsMS4xNS0zLjAzLDAtNC4xOFoiLz48L3N2Zz4=\" alt=\"\" loading=\"lazy\" decoding=\"async\"><\/div><div class=\"mighty-tip__body\"><h3 class=\"mighty-tip__heading\">Tipp<\/h3><div class=\"mighty-tip__text\">Ne habozzatok szakemberekhez fordulni \u2013 a korai seg\u00edts\u00e9g gyakran egyszer\u0171bb megold\u00e1st \u00e9s nagyobb nyugalmat jelent nektek \u00e9s a gyermeketeknek is.<\/div><\/div><\/section>\n","protected":false},"excerpt":{"rendered":"<p>Artis Centrum Kom\u00e1rno Az Artis Centrum egy speci\u00e1lis int\u00e9zm\u00e9ny, amely a gyermekek k\u00e9pess\u00e9geinek fejleszt\u00e9s\u00e9re \u00e9s a csal\u00e1dok t\u00e1mogat\u00e1s\u00e1ra f\u00f3kusz\u00e1l. Foglalkozik tehets\u00e9ges gyerekekkel, k\u00e9sleltetett fejl\u0151d\u00e9s\u0171ekkel, tanul\u00e1si vagy besz\u00e9dzavarokkal is. A pedag\u00f3gia, eg\u00e9szs\u00e9g\u00fcgy \u00e9s pszichol\u00f3gia elemeit \u00f6tv\u00f6zi \u00e1tfog\u00f3 t\u00e1mogat\u00e1sk\u00e9nt. Kiknek sz\u00f3l: kisgyermekeknek, \u00f3vod\u00e1soknak, iskol\u00e1soknak \u00e9s feln\u0151tteknekMunkam\u00f3d: egy\u00e9ni \u00e9s csoportos foglalkoz\u00e1sokSzakemberek: gy\u00f3gypedag\u00f3gus, speci\u00e1lis pedag\u00f3gus, konduktor, logop\u00e9dus, pszichol\u00f3gusF\u00f3kusz: besz\u00e9d, [&hellip;]<\/p>\n","protected":false},"author":2,"featured_media":860,"parent":542,"menu_order":0,"comment_status":"closed","ping_status":"closed","template":"","meta":{"_acf_changed":false,"footnotes":""},"hlavna-kategoria":[],"class_list":["post-557","page","type-page","status-publish","has-post-thumbnail","hentry"],"acf":[],"_links":{"self":[{"href":"https:\/\/komlife.eu\/hu\/wp-json\/wp\/v2\/pages\/557","targetHints":{"allow":["GET"]}}],"collection":[{"href":"https:\/\/komlife.eu\/hu\/wp-json\/wp\/v2\/pages"}],"about":[{"href":"https:\/\/komlife.eu\/hu\/wp-json\/wp\/v2\/types\/page"}],"author":[{"embeddable":true,"href":"https:\/\/komlife.eu\/hu\/wp-json\/wp\/v2\/users\/2"}],"replies":[{"embeddable":true,"href":"https:\/\/komlife.eu\/hu\/wp-json\/wp\/v2\/comments?post=557"}],"version-history":[{"count":0,"href":"https:\/\/komlife.eu\/hu\/wp-json\/wp\/v2\/pages\/557\/revisions"}],"up":[{"embeddable":true,"href":"https:\/\/komlife.eu\/hu\/wp-json\/wp\/v2\/pages\/542"}],"wp:featuredmedia":[{"embeddable":true,"href":"https:\/\/komlife.eu\/hu\/wp-json\/wp\/v2\/media\/860"}],"wp:attachment":[{"href":"https:\/\/komlife.eu\/hu\/wp-json\/wp\/v2\/media?parent=557"}],"wp:term":[{"taxonomy":"hlavna-kategoria","embeddable":true,"href":"https:\/\/komlife.eu\/hu\/wp-json\/wp\/v2\/hlavna-kategoria?post=557"}],"curies":[{"name":"wp","href":"https:\/\/api.w.org\/{rel}","templated":true}]}}

Tanácsadó szolgáltatások családoknak

<h3 class="wp-block-heading">Artis Centrum Komárno</h3>

<p>Az <strong>Artis Centrum </strong>egy speciális intézmény, amely a gyermekek képességeinek fejlesztésére és a családok támogatására fókuszál. Foglalkozik tehetséges gyerekekkel, késleltetett fejlődésűekkel, tanulási vagy beszédzavarokkal is. A pedagógia, egészségügy és pszichológia elemeit ötvözi átfogó támogatásként.</p>

<p><strong>Kiknek szól:</strong> kisgyermekeknek, óvodásoknak, iskolásoknak és felnőtteknek<br/><strong>Munkamód:</strong> egyéni és csoportos foglalkozások<br/><strong>Szakemberek:</strong> gyógypedagógus, speciális pedagógus, konduktor, logopédus, pszichológus<br/><strong>Fókusz:</strong> beszéd, mozgás, figyelem, érzelmi szabályozás fejlesztése és még sok más</p>

<div class="wp-block-buttons is-layout-flex wp-block-buttons-is-layout-flex">
<div class="wp-block-button"><a class="wp-block-button__link wp-element-button" href="https://www.artiscentrum.sk/">További információk</a></div>
</div>

<h3 class="wp-block-heading">Tanácsadó és Prevenciós Központ (CPP) – Ógyalla (Hurbanovo)</h3>

<p>A <strong>CPP Hurbanovo</strong> ingyenes tanácsadó szolgáltatásokat kínál a gyerekek és szüleik számára a születéstől egészen az iskola befejezéséig. A központ pszichológiai, gyógypedagógiai és prevenciós támogatásra specializálódott.</p>

<p><strong>Szolgáltatások:</strong> diagnosztika, tanácsadás, nevelési és oktatási konzultációk<br/><strong>Kiknek szól:</strong> a Nyitrai kerületben állandó vagy ideiglenes lakóhellyel rendelkező gyerekeknek<br/><strong>Szülők:</strong> szakmai segítség nevelési és iskolai nehézségek megoldásában<br/><strong>Nyelv:</strong> több szakember magyarul is beszél – alkalmazkodva a nemzetiségileg vegyes régióhoz<br/><strong>A szolgáltatások teljesen ingyenesek.</strong></p>

<div class="wp-block-buttons is-layout-flex wp-block-buttons-is-layout-flex">
<div class="wp-block-button"><a class="wp-block-button__link wp-element-button" href="http://www.cpp-hurbanovo.sk">További információk</a></div>
</div>

<section class="wp-block-the-mighty22-tip mighty-tip"><div class="mighty-tip__icon" aria-hidden="true"><img src="data:image/svg+xml;base64,PHN2ZyB2aWV3Qm94PSIwIDAgNjkgMTAxIiBwcmVzZXJ2ZUFzcGVjdFJhdGlvPSJ4TWlkWU1pZCBtZWV0IiB4bWxucz0iaHR0cDovL3d3dy53My5vcmcvMjAwMC9zdmciPjxwYXRoIGQ9Ik0zNC41LDIwLjcxYy0xNi40MSwwLTI5Ljc3LDEzLjM2LTI5Ljc3LDI5Ljc5LDAsMTUuMjMsMTQuMTksMjIuNjgsMTQuMTksMzEuNTZ2OS42N2MwLDUuMTEsNC4xNiw5LjI3LDkuMjcsOS4yN2gxMi42MmM1LjExLDAsOS4yNy00LjE2LDkuMjctOS4yN3YtOS42N2MwLTguODgsMTQuMTktMTYuMzMsMTQuMTktMzEuNTYsMC0xNi40Mi0xMy4zNS0yOS43OS0yOS43Ny0yOS43OVpNNDQuMTYsOTEuNzNjMCwxLjg1LTEuNSwzLjM1LTMuMzUsMy4zNWgtMTIuNjJjLTEuODUsMC0zLjM1LTEuNS0zLjM1LTMuMzV2LTYuNzFoMTkuMzJ2Ni43MVpNNDQuNDcsNzkuMWgtNy4wMXYtMTEuOTNjMy42Ni0xLjI0LDYuMzEtNC43MSw2LjMxLTguNzgsMC0xLjYzLTEuMzItMi45Ni0yLjk2LTIuOTZzLTIuOTYsMS4zMi0yLjk2LDIuOTZjMCwxLjg1LTEuNSwzLjM1LTMuMzUsMy4zNXMtMy4zNS0xLjUtMy4zNS0zLjM1YzAtMS42My0xLjMyLTIuOTYtMi45Ni0yLjk2cy0yLjk2LDEuMzItMi45NiwyLjk2YzAsNC4wOCwyLjY0LDcuNTUsNi4zMSw4Ljc4djExLjkzaC03LjAxYy0yLjA5LTEwLjE3LTEzLjg5LTE2LjcxLTEzLjg5LTI4LjYsMC0xMy4xNiwxMC43LTIzLjg3LDIzLjg1LTIzLjg3czIzLjg2LDEwLjcxLDIzLjg2LDIzLjg3YzAsMTEuODktMTEuODEsMTguNDQtMTMuODksMjguNloiLz48cGF0aCBkPSJNMzQuNSwxNC4wMWMxLjYzLDAsMi45Ni0xLjMzLDIuOTYtMi45NlYyLjk2YzAtMS42My0xLjMyLTIuOTYtMi45Ni0yLjk2cy0yLjk2LDEuMzMtMi45NiwyLjk2djguMDljMCwxLjYzLDEuMzIsMi45NiwyLjk2LDIuOTZaIi8+PHBhdGggZD0iTTExLjM2LDIxLjAzYzEuMTUtMS4xNSwxLjE1LTMuMDMsMC00LjE4bC02LjMxLTYuMzFjLTEuMTUtMS4xNi0zLjAzLTEuMTYtNC4xOCwwLTEuMTYsMS4xNS0xLjE2LDMuMDMsMCw0LjE4bDYuMzEsNi4zMWMxLjE1LDEuMTYsMy4wMywxLjE2LDQuMTgsMFoiLz48cGF0aCBkPSJNNjguMTMsMTAuNTNjLTEuMTYtMS4xNi0zLjAzLTEuMTYtNC4xOCwwbC02LjMxLDYuMzFjLTEuMTUsMS4xNS0xLjE1LDMuMDMsMCw0LjE4LDEuMTYsMS4xNiwzLjAzLDEuMTYsNC4xOCwwbDYuMzEtNi4zMWMxLjE1LTEuMTYsMS4xNS0zLjAzLDAtNC4xOFoiLz48L3N2Zz4=" alt="" loading="lazy" decoding="async"></div><div class="mighty-tip__body"><h3 class="mighty-tip__heading">Tipp</h3><div class="mighty-tip__text">Ne habozzatok szakemberekhez fordulni – a korai segítség gyakran egyszerűbb megoldást és nagyobb nyugalmat jelent nektek és a gyermeketeknek is.</div></div></section>

<p>Artis Centrum Komárno Az Artis Centrum egy speciális intézmény, amely a gyermekek képességeinek fejlesztésére és a családok támogatására fókuszál. Foglalkozik tehetséges gyerekekkel, késleltetett fejlődésűekkel, tanulási vagy beszédzavarokkal is. A pedagógia, egészségügy és pszichológia elemeit ötvözi átfogó támogatásként. Kiknek szól: kisgyermekeknek, óvodásoknak, iskolásoknak és felnőtteknekMunkamód: egyéni és csoportos foglalkozásokSzakemberek: gyógypedagógus, speciális pedagógus, konduktor, logopédus, pszichológusFókusz: beszéd, [&hellip;]</p>
