{"id":540,"date":"2025-09-16T15:10:47","date_gmt":"2025-09-16T13:10:47","guid":{"rendered":"https:\/\/komlife.22projects.sk\/csaladi-gondoskodas\/idosek\/egeszseg\/fiziatriai-rehabilitacios-osztaly-komaromi-agel-korhaz\/"},"modified":"2025-11-20T16:03:32","modified_gmt":"2025-11-20T15:03:32","slug":"fiziatriai-rehabilitacios-osztaly-komaromi-agel-korhaz","status":"publish","type":"page","link":"https:\/\/komlife.eu\/hu\/csaladi-gondoskodas\/idosek\/egeszseg\/fiziatriai-rehabilitacios-osztaly-komaromi-agel-korhaz\/","title":{"rendered":"Fizi\u00e1triai-rehabilit\u00e1ci\u00f3s oszt\u00e1ly \u2013 Kom\u00e1romi AGEL K\u00f3rh\u00e1z"},"content":{"rendered":"\n<div class=\"wp-block-columns is-layout-flex wp-container-core-columns-is-layout-28f84493 wp-block-columns-is-layout-flex\">\n<div class=\"wp-block-column is-layout-flow wp-block-column-is-layout-flow\">\n<p>Az oszt\u00e1ly a t\u00f6bbi szakter\u00fclettel egy\u00fctt r\u00e9szt vesz a p\u00e1ciensek \u00e1tfog\u00f3 ell\u00e1t\u00e1s\u00e1ban. Feladata a megel\u0151z\u0151, diagnosztikai \u00e9s gy\u00f3gy\u00edt\u00f3 elj\u00e1r\u00e1sok alkalmaz\u00e1sa olyan funkcion\u00e1lis vagy szerkezeti probl\u00e9m\u00e1k eset\u00e9n, amelyek alapbetegs\u00e9geket k\u00eds\u00e9rnek. Korszer\u0171 diagnosztikai \u00e9s ter\u00e1pi\u00e1s m\u00f3dszereket alkalmaz, \u00e9s komplex rehabilit\u00e1ci\u00f3s kezel\u00e9st biztos\u00edt a k\u00f3rh\u00e1zi ell\u00e1t\u00e1s r\u00e9szek\u00e9nt.   <\/p>\n\n\n\n<div class=\"wp-block-buttons is-layout-flex wp-block-buttons-is-layout-flex\">\n<div class=\"wp-block-button\"><a class=\"wp-block-button__link wp-element-button\" href=\"https:\/\/nemocnicakomarno.agel.sk\/pracoviska\/oddelenia\/rhb.html\">Tudjon meg t\u00f6bbet<\/a><\/div>\n<\/div>\n<\/div>\n\n\n\n<div class=\"wp-block-column is-layout-flow wp-block-column-is-layout-flow\">\n<figure class=\"wp-block-image size-large\"><img fetchpriority=\"high\" decoding=\"async\" width=\"683\" height=\"1024\" src=\"https:\/\/komlife.eu\/wp-content\/uploads\/2025\/10\/a-woman-and-a-man-are-expecting-a-baby-and-are-in-2025-06-30-18-06-45-utc-683x1024.jpg\" alt=\"\" class=\"wp-image-682\" style=\"aspect-ratio:3\/4;object-fit:cover\" srcset=\"https:\/\/komlife.eu\/wp-content\/uploads\/2025\/10\/a-woman-and-a-man-are-expecting-a-baby-and-are-in-2025-06-30-18-06-45-utc-683x1024.jpg 683w, https:\/\/komlife.eu\/wp-content\/uploads\/2025\/10\/a-woman-and-a-man-are-expecting-a-baby-and-are-in-2025-06-30-18-06-45-utc-200x300.jpg 200w, https:\/\/komlife.eu\/wp-content\/uploads\/2025\/10\/a-woman-and-a-man-are-expecting-a-baby-and-are-in-2025-06-30-18-06-45-utc-768x1152.jpg 768w, https:\/\/komlife.eu\/wp-content\/uploads\/2025\/10\/a-woman-and-a-man-are-expecting-a-baby-and-are-in-2025-06-30-18-06-45-utc-1024x1536.jpg 1024w, https:\/\/komlife.eu\/wp-content\/uploads\/2025\/10\/a-woman-and-a-man-are-expecting-a-baby-and-are-in-2025-06-30-18-06-45-utc-1365x2048.jpg 1365w, https:\/\/komlife.eu\/wp-content\/uploads\/2025\/10\/a-woman-and-a-man-are-expecting-a-baby-and-are-in-2025-06-30-18-06-45-utc-scaled.jpg 1707w\" sizes=\"(max-width: 683px) 100vw, 683px\" \/><\/figure>\n<\/div>\n<\/div>\n\n<p><br\/><\/p>\n","protected":false},"excerpt":{"rendered":"<p>Az oszt\u00e1ly a t\u00f6bbi szakter\u00fclettel egy\u00fctt r\u00e9szt vesz a p\u00e1ciensek \u00e1tfog\u00f3 ell\u00e1t\u00e1s\u00e1ban. Feladata a megel\u0151z\u0151, diagnosztikai \u00e9s gy\u00f3gy\u00edt\u00f3 elj\u00e1r\u00e1sok alkalmaz\u00e1sa olyan funkcion\u00e1lis vagy szerkezeti probl\u00e9m\u00e1k eset\u00e9n, amelyek alapbetegs\u00e9geket k\u00eds\u00e9rnek. Korszer\u0171 diagnosztikai \u00e9s ter\u00e1pi\u00e1s m\u00f3dszereket alkalmaz, \u00e9s komplex rehabilit\u00e1ci\u00f3s kezel\u00e9st biztos\u00edt a k\u00f3rh\u00e1zi ell\u00e1t\u00e1s r\u00e9szek\u00e9nt.<\/p>\n","protected":false},"author":2,"featured_media":860,"parent":538,"menu_order":0,"comment_status":"closed","ping_status":"closed","template":"","meta":{"_acf_changed":false,"footnotes":""},"hlavna-kategoria":[],"class_list":["post-540","page","type-page","status-publish","has-post-thumbnail","hentry"],"acf":[],"_links":{"self":[{"href":"https:\/\/komlife.eu\/hu\/wp-json\/wp\/v2\/pages\/540","targetHints":{"allow":["GET"]}}],"collection":[{"href":"https:\/\/komlife.eu\/hu\/wp-json\/wp\/v2\/pages"}],"about":[{"href":"https:\/\/komlife.eu\/hu\/wp-json\/wp\/v2\/types\/page"}],"author":[{"embeddable":true,"href":"https:\/\/komlife.eu\/hu\/wp-json\/wp\/v2\/users\/2"}],"replies":[{"embeddable":true,"href":"https:\/\/komlife.eu\/hu\/wp-json\/wp\/v2\/comments?post=540"}],"version-history":[{"count":0,"href":"https:\/\/komlife.eu\/hu\/wp-json\/wp\/v2\/pages\/540\/revisions"}],"up":[{"embeddable":true,"href":"https:\/\/komlife.eu\/hu\/wp-json\/wp\/v2\/pages\/538"}],"wp:featuredmedia":[{"embeddable":true,"href":"https:\/\/komlife.eu\/hu\/wp-json\/wp\/v2\/media\/860"}],"wp:attachment":[{"href":"https:\/\/komlife.eu\/hu\/wp-json\/wp\/v2\/media?parent=540"}],"wp:term":[{"taxonomy":"hlavna-kategoria","embeddable":true,"href":"https:\/\/komlife.eu\/hu\/wp-json\/wp\/v2\/hlavna-kategoria?post=540"}],"curies":[{"name":"wp","href":"https:\/\/api.w.org\/{rel}","templated":true}]}}

Fiziátriai-rehabilitációs osztály – Komáromi AGEL Kórház

<div class="wp-block-columns is-layout-flex wp-container-core-columns-is-layout-28f84493 wp-block-columns-is-layout-flex">
<div class="wp-block-column is-layout-flow wp-block-column-is-layout-flow">
<p>Az osztály a többi szakterülettel együtt részt vesz a páciensek átfogó ellátásában. Feladata a megelőző, diagnosztikai és gyógyító eljárások alkalmazása olyan funkcionális vagy szerkezeti problémák esetén, amelyek alapbetegségeket kísérnek. Korszerű diagnosztikai és terápiás módszereket alkalmaz, és komplex rehabilitációs kezelést biztosít a kórházi ellátás részeként.   </p>



<div class="wp-block-buttons is-layout-flex wp-block-buttons-is-layout-flex">
<div class="wp-block-button"><a class="wp-block-button__link wp-element-button" href="https://nemocnicakomarno.agel.sk/pracoviska/oddelenia/rhb.html">Tudjon meg többet</a></div>
</div>
</div>



<div class="wp-block-column is-layout-flow wp-block-column-is-layout-flow">
<figure class="wp-block-image size-large"><img fetchpriority="high" decoding="async" width="683" height="1024" src="https://komlife.eu/wp-content/uploads/2025/10/a-woman-and-a-man-are-expecting-a-baby-and-are-in-2025-06-30-18-06-45-utc-683x1024.jpg" alt="" class="wp-image-682" style="aspect-ratio:3/4;object-fit:cover" srcset="https://komlife.eu/wp-content/uploads/2025/10/a-woman-and-a-man-are-expecting-a-baby-and-are-in-2025-06-30-18-06-45-utc-683x1024.jpg 683w, https://komlife.eu/wp-content/uploads/2025/10/a-woman-and-a-man-are-expecting-a-baby-and-are-in-2025-06-30-18-06-45-utc-200x300.jpg 200w, https://komlife.eu/wp-content/uploads/2025/10/a-woman-and-a-man-are-expecting-a-baby-and-are-in-2025-06-30-18-06-45-utc-768x1152.jpg 768w, https://komlife.eu/wp-content/uploads/2025/10/a-woman-and-a-man-are-expecting-a-baby-and-are-in-2025-06-30-18-06-45-utc-1024x1536.jpg 1024w, https://komlife.eu/wp-content/uploads/2025/10/a-woman-and-a-man-are-expecting-a-baby-and-are-in-2025-06-30-18-06-45-utc-1365x2048.jpg 1365w, https://komlife.eu/wp-content/uploads/2025/10/a-woman-and-a-man-are-expecting-a-baby-and-are-in-2025-06-30-18-06-45-utc-scaled.jpg 1707w" sizes="(max-width: 683px) 100vw, 683px" /></figure>
</div>
</div>

<p><br/></p>

<p>Az osztály a többi szakterülettel együtt részt vesz a páciensek átfogó ellátásában. Feladata a megelőző, diagnosztikai és gyógyító eljárások alkalmazása olyan funkcionális vagy szerkezeti problémák esetén, amelyek alapbetegségeket kísérnek. Korszerű diagnosztikai és terápiás módszereket alkalmaz, és komplex rehabilitációs kezelést biztosít a kórházi ellátás részeként.</p>
