{"id":507,"date":"2025-09-16T16:03:49","date_gmt":"2025-09-16T14:03:49","guid":{"rendered":"https:\/\/komlife.22projects.sk\/csaladi-gondoskodas\/ertelmi-fogyatekossaggal-elo-szemelyek\/munkalehetosegek\/"},"modified":"2026-02-06T13:20:22","modified_gmt":"2026-02-06T12:20:22","slug":"munkalehetosegek","status":"publish","type":"page","link":"https:\/\/komlife.eu\/hu\/csaladi-gondoskodas\/ertelmi-fogyatekossaggal-elo-szemelyek\/munkalehetosegek\/","title":{"rendered":"Munkalehet\u0151s\u00e9gek"},"content":{"rendered":"\n<div class=\"wp-block-columns is-layout-flex wp-container-core-columns-is-layout-28f84493 wp-block-columns-is-layout-flex\">\n<div class=\"wp-block-column is-layout-flow wp-block-column-is-layout-flow\">\n<p>N\u00e9pszer\u0171 lehet\u0151s\u00e9g a r\u00e9szv\u00e9tel azokon az \u00f6nk\u00e9ntes vagy munkatev\u00e9kenys\u00e9geken, amelyeket a <strong>Fogyat\u00e9kosok Nappali Int\u00e9zm\u00e9nye<\/strong> szervez. Az egyes\u00fclet Kom\u00e1romban, a Priate\u013estva 2. sz\u00e1m alatt m\u0171k\u00f6dik.<\/p>\n\n\n\n<p><strong>C\u00edm:<\/strong> Priate\u013estva\u202f2, 945\u202f01\u202fKom\u00e1rno<\/p>\n\n\n\n<ul class=\"wp-block-social-links has-normal-icon-size has-visible-labels is-layout-flex wp-block-social-links-is-layout-flex\"><li class=\"wp-social-link wp-social-link-facebook  wp-block-social-link\"><a href=\"https:\/\/www.facebook.com\/profile.php?id=100064352127082\" class=\"wp-block-social-link-anchor\"><svg width=\"24\" height=\"24\" viewBox=\"0 0 24 24\" version=\"1.1\" xmlns=\"http:\/\/www.w3.org\/2000\/svg\" aria-hidden=\"true\" focusable=\"false\"><path d=\"M12 2C6.5 2 2 6.5 2 12c0 5 3.7 9.1 8.4 9.9v-7H7.9V12h2.5V9.8c0-2.5 1.5-3.9 3.8-3.9 1.1 0 2.2.2 2.2.2v2.5h-1.3c-1.2 0-1.6.8-1.6 1.6V12h2.8l-.4 2.9h-2.3v7C18.3 21.1 22 17 22 12c0-5.5-4.5-10-10-10z\"><\/path><\/svg><span class=\"wp-block-social-link-label\">Facebook<\/span><\/a><\/li><\/ul>\n\n\n\n<p><strong>Szolg\u00e1ltat\u00e1sok:<\/strong> szoci\u00e1lis rehabilit\u00e1ci\u00f3, munkater\u00e1pia, asszisztensi seg\u00edts\u00e9g<\/p>\n\n\n\n<p>Tov\u00e1bbi lehet\u0151s\u00e9g a <strong>Munka-, szoci\u00e1lis \u00e9s csal\u00e1d\u00fcgyi hivatal kom\u00e1romi kirendelts\u00e9g\u00e9n<\/strong>,<br\/>amely t\u00e1mogat\u00e1st ny\u00fajt a megfelel\u0151 munkaprogramokba val\u00f3 bekapcsol\u00f3d\u00e1sban.<\/p>\n<\/div>\n\n\n\n<div class=\"wp-block-column is-layout-flow wp-block-column-is-layout-flow\">\n<figure class=\"wp-block-image size-large\"><img fetchpriority=\"high\" decoding=\"async\" width=\"683\" height=\"1024\" src=\"https:\/\/komlife.eu\/wp-content\/uploads\/2025\/10\/office-worker-using-computer-for-job-search-2025-04-04-15-45-45-utc-683x1024.jpg\" alt=\"\" class=\"wp-image-834\" style=\"aspect-ratio:3\/4;object-fit:cover\" srcset=\"https:\/\/komlife.eu\/wp-content\/uploads\/2025\/10\/office-worker-using-computer-for-job-search-2025-04-04-15-45-45-utc-683x1024.jpg 683w, https:\/\/komlife.eu\/wp-content\/uploads\/2025\/10\/office-worker-using-computer-for-job-search-2025-04-04-15-45-45-utc-200x300.jpg 200w, https:\/\/komlife.eu\/wp-content\/uploads\/2025\/10\/office-worker-using-computer-for-job-search-2025-04-04-15-45-45-utc-768x1152.jpg 768w, https:\/\/komlife.eu\/wp-content\/uploads\/2025\/10\/office-worker-using-computer-for-job-search-2025-04-04-15-45-45-utc-1024x1536.jpg 1024w, https:\/\/komlife.eu\/wp-content\/uploads\/2025\/10\/office-worker-using-computer-for-job-search-2025-04-04-15-45-45-utc-1365x2048.jpg 1365w, https:\/\/komlife.eu\/wp-content\/uploads\/2025\/10\/office-worker-using-computer-for-job-search-2025-04-04-15-45-45-utc-scaled.jpg 1707w\" sizes=\"(max-width: 683px) 100vw, 683px\" \/><\/figure>\n<\/div>\n<\/div>\n","protected":false},"excerpt":{"rendered":"<p>N\u00e9pszer\u0171 lehet\u0151s\u00e9g a r\u00e9szv\u00e9tel azokon az \u00f6nk\u00e9ntes vagy munkatev\u00e9kenys\u00e9geken, amelyeket a Fogyat\u00e9kosok Nappali Int\u00e9zm\u00e9nye szervez. Az egyes\u00fclet Kom\u00e1romban, a Priate\u013estva 2. sz\u00e1m alatt m\u0171k\u00f6dik. C\u00edm: Priate\u013estva\u202f2, 945\u202f01\u202fKom\u00e1rno Szolg\u00e1ltat\u00e1sok: szoci\u00e1lis rehabilit\u00e1ci\u00f3, munkater\u00e1pia, asszisztensi seg\u00edts\u00e9g Tov\u00e1bbi lehet\u0151s\u00e9g a Munka-, szoci\u00e1lis \u00e9s csal\u00e1d\u00fcgyi hivatal kom\u00e1romi kirendelts\u00e9g\u00e9n,amely t\u00e1mogat\u00e1st ny\u00fajt a megfelel\u0151 munkaprogramokba val\u00f3 bekapcsol\u00f3d\u00e1sban.<\/p>\n","protected":false},"author":2,"featured_media":860,"parent":505,"menu_order":0,"comment_status":"closed","ping_status":"closed","template":"","meta":{"_acf_changed":false,"footnotes":""},"hlavna-kategoria":[],"class_list":["post-507","page","type-page","status-publish","has-post-thumbnail","hentry"],"acf":[],"_links":{"self":[{"href":"https:\/\/komlife.eu\/hu\/wp-json\/wp\/v2\/pages\/507","targetHints":{"allow":["GET"]}}],"collection":[{"href":"https:\/\/komlife.eu\/hu\/wp-json\/wp\/v2\/pages"}],"about":[{"href":"https:\/\/komlife.eu\/hu\/wp-json\/wp\/v2\/types\/page"}],"author":[{"embeddable":true,"href":"https:\/\/komlife.eu\/hu\/wp-json\/wp\/v2\/users\/2"}],"replies":[{"embeddable":true,"href":"https:\/\/komlife.eu\/hu\/wp-json\/wp\/v2\/comments?post=507"}],"version-history":[{"count":2,"href":"https:\/\/komlife.eu\/hu\/wp-json\/wp\/v2\/pages\/507\/revisions"}],"predecessor-version":[{"id":1877,"href":"https:\/\/komlife.eu\/hu\/wp-json\/wp\/v2\/pages\/507\/revisions\/1877"}],"up":[{"embeddable":true,"href":"https:\/\/komlife.eu\/hu\/wp-json\/wp\/v2\/pages\/505"}],"wp:featuredmedia":[{"embeddable":true,"href":"https:\/\/komlife.eu\/hu\/wp-json\/wp\/v2\/media\/860"}],"wp:attachment":[{"href":"https:\/\/komlife.eu\/hu\/wp-json\/wp\/v2\/media?parent=507"}],"wp:term":[{"taxonomy":"hlavna-kategoria","embeddable":true,"href":"https:\/\/komlife.eu\/hu\/wp-json\/wp\/v2\/hlavna-kategoria?post=507"}],"curies":[{"name":"wp","href":"https:\/\/api.w.org\/{rel}","templated":true}]}}

Munkalehetőségek

<div class="wp-block-columns is-layout-flex wp-container-core-columns-is-layout-28f84493 wp-block-columns-is-layout-flex">
<div class="wp-block-column is-layout-flow wp-block-column-is-layout-flow">
<p>Népszerű lehetőség a részvétel azokon az önkéntes vagy munkatevékenységeken, amelyeket a <strong>Fogyatékosok Nappali Intézménye</strong> szervez. Az egyesület Komáromban, a Priateľstva 2. szám alatt működik.</p>



<p><strong>Cím:</strong> Priateľstva 2, 945 01 Komárno</p>



<ul class="wp-block-social-links has-normal-icon-size has-visible-labels is-layout-flex wp-block-social-links-is-layout-flex"><li class="wp-social-link wp-social-link-facebook  wp-block-social-link"><a href="https://www.facebook.com/profile.php?id=100064352127082" class="wp-block-social-link-anchor"><svg width="24" height="24" viewBox="0 0 24 24" version="1.1" xmlns="http://www.w3.org/2000/svg" aria-hidden="true" focusable="false"><path d="M12 2C6.5 2 2 6.5 2 12c0 5 3.7 9.1 8.4 9.9v-7H7.9V12h2.5V9.8c0-2.5 1.5-3.9 3.8-3.9 1.1 0 2.2.2 2.2.2v2.5h-1.3c-1.2 0-1.6.8-1.6 1.6V12h2.8l-.4 2.9h-2.3v7C18.3 21.1 22 17 22 12c0-5.5-4.5-10-10-10z"></path></svg><span class="wp-block-social-link-label">Facebook</span></a></li></ul>



<p><strong>Szolgáltatások:</strong> szociális rehabilitáció, munkaterápia, asszisztensi segítség</p>



<p>További lehetőség a <strong>Munka-, szociális és családügyi hivatal komáromi kirendeltségén</strong>,<br/>amely támogatást nyújt a megfelelő munkaprogramokba való bekapcsolódásban.</p>
</div>



<div class="wp-block-column is-layout-flow wp-block-column-is-layout-flow">
<figure class="wp-block-image size-large"><img fetchpriority="high" decoding="async" width="683" height="1024" src="https://komlife.eu/wp-content/uploads/2025/10/office-worker-using-computer-for-job-search-2025-04-04-15-45-45-utc-683x1024.jpg" alt="" class="wp-image-834" style="aspect-ratio:3/4;object-fit:cover" srcset="https://komlife.eu/wp-content/uploads/2025/10/office-worker-using-computer-for-job-search-2025-04-04-15-45-45-utc-683x1024.jpg 683w, https://komlife.eu/wp-content/uploads/2025/10/office-worker-using-computer-for-job-search-2025-04-04-15-45-45-utc-200x300.jpg 200w, https://komlife.eu/wp-content/uploads/2025/10/office-worker-using-computer-for-job-search-2025-04-04-15-45-45-utc-768x1152.jpg 768w, https://komlife.eu/wp-content/uploads/2025/10/office-worker-using-computer-for-job-search-2025-04-04-15-45-45-utc-1024x1536.jpg 1024w, https://komlife.eu/wp-content/uploads/2025/10/office-worker-using-computer-for-job-search-2025-04-04-15-45-45-utc-1365x2048.jpg 1365w, https://komlife.eu/wp-content/uploads/2025/10/office-worker-using-computer-for-job-search-2025-04-04-15-45-45-utc-scaled.jpg 1707w" sizes="(max-width: 683px) 100vw, 683px" /></figure>
</div>
</div>

<p>Népszerű lehetőség a részvétel azokon az önkéntes vagy munkatevékenységeken, amelyeket a Fogyatékosok Nappali Intézménye szervez. Az egyesület Komáromban, a Priateľstva 2. szám alatt működik. Cím: Priateľstva 2, 945 01 Komárno Szolgáltatások: szociális rehabilitáció, munkaterápia, asszisztensi segítség További lehetőség a Munka-, szociális és családügyi hivatal komáromi kirendeltségén,amely támogatást nyújt a megfelelő munkaprogramokba való bekapcsolódásban.</p>
